 greatest common factor of w and 26?
26
Suppose 0 = 3*u + u + 100. Let f = u + 41. Calculate the greatest common divisor of 48 and f.
16
Let g(y) = 7*y - 50. Let n be g(14). Let o be (6/4 - 0)*4. What is the greatest common factor of o and n?
6
Suppose -3*v = -2*c - 1, -2*v - 2*c + 7 = 3*v. Let g(t) = 134*t**3 + 2*t**2 - 2*t + 1. Let p be g(v). Calculate the greatest common factor of 27 and p.
27
Let t = 259 + -79. What is the highest common divisor of t and 20?
20
Suppose 1 = 2*a - 5. Let v be -3 - (7/(-1) + 1). Calculate the highest common factor of v and a.
3
Suppose 0 = -y + 5*u - 0 + 37, -4*y + 85 = u. Calculate the greatest common factor of 33 and y.
11
Suppose 2*l + 2 - 6 = 0. Let z be (15/(-6))/(l/(-8)). What is the greatest common divisor of z and 30?
10
Let h be 15/2*2/3. Suppose -5*v - o - 3*o = -200, -o = -h. Suppose -c - 3*c = -v. Calculate the highest common factor of 9 and c.
9
Suppose -3*b + 3*n + 14 = -4, 0 = 4*n. Let r(k) = -15*k**3 - k**2 + k + 1. Let q be r(-1). Let c = q - b. Calculate the highest common divisor of 4 and c.
4
Let f(l) = l**3 - 2*l**2 + 3*l - 1. Let s be (-6 - -2)*(-39)/(-12). Let r = -10 - s. Let o be f(r). What is the highest common factor of 85 and o?
17
Let r(i) = -21*i - 4. Let l be r(-7). Calculate the highest common divisor of l and 13.
13
Suppose 3*m - 2*m = 50. Suppose -3 - 5 = 2*g, 5*z - m = 5*g. Suppose 28 = -2*d + z*d. Calculate the highest common factor of d and 28.
7
Suppose 5*l + 195 = 3*p, -3*p - 312 = -8*p + 4*l. Let k = 28 - 16. Calculate the highest common divisor of p and k.
12
Let n be 81/(-36)*40/(-3). What is the highest common factor of n and 30?
30
Let n(r) = -r**2 - 18*r - 15. Let h be n(-17). What is the highest common factor of 16 and h?
2
Suppose 0 = 5*i - 20, w + 3 = 4*i - 9. Suppose 0 = -w*c + 4 + 4. Calculate the highest common factor of c and 14.
2
Let q = -16 + 27. Calculate the greatest common factor of q and 88.
11
Suppose -3*h - 16 = h. Let r(u) = u**3 + 10*u**2 + 2*u. Let t be r(h). What is the greatest common factor of t and 11?
11
Let q = 2 - -1. Suppose -2*u = 3*u - 4*o + 11, 2*o = 4*u + 4. Let f be u - -4*(-2)/(-4). Calculate the greatest common factor of q and f.
3
Let l = 26 + -13. What is the greatest common factor of 91 and l?
13
Let k(n) = n**3 + n**2 + 5. Let t be k(0). Suppose 0 = -t*q - 7 + 42. What is the greatest common factor of 7 and q?
7
Let b(n) = 3*n + 1 + 0*n + 3*n - 3*n. Let x be b(5). Calculate the greatest common divisor of x and 16.
16
Suppose -2*j + 3*j + 5*p + 21 = 0, -p = -2*j + 13. Let h = -3 + j. Let g = 1 + 4. What is the highest common factor of h and g?
1
Let a(q) = -q**3 - 8*q**2 - 8*q + 1. Let d be a(-7). What is the highest common divisor of 40 and d?
8
Suppose -5*h - x - 72 = 0, 4*h + 3*x + 0*x + 51 = 0. Let o = 14 - -12. Let k = o + h. Calculate the greatest common divisor of 44 and k.
11
Let f = 7 + -5. Suppose l + 3*s = 150, -5*l - 4*s = -192 - 602. Suppose -l = -5*z - f. Calculate the highest common divisor of 8 and z.
8
Let f be (-2)/(-2*(-3)/(-30)). What is the greatest common factor of 90 and f?
10
Let k(s) = s**3 + 7*s**2 + 3*s - 2. Let h be k(-6). Let n = 15 - -97. What is the greatest common divisor of n and h?
16
Let w(d) = -d**3 + 18*d**2 - 25*d - 24. Let f be w(16). What is the highest common divisor of f and 8?
8
Let x(m) = 2*m + 3*m**2 - 3*m**2 - 19*m**3 - m**2 - 1. Let q be x(-2). Let i = -29 + 42. What is the greatest common factor of i and q?
13
Suppose 0 = c - 2 - 5. Suppose -5*r + 82 = c. Let y be 3*-6*10/(-4). What is the highest common divisor of y and r?
15
Suppose -l - 3 = -2*m - 24, 0 = -4*l - 3*m + 73. Calculate the greatest common factor of 95 and l.
19
Let n be -3 - (4/4 + -3). Suppose 4*b + 12 = -5*t + t, -5*b + 25 = -3*t. Let u be b*n + (-7)/(-1). What is the greatest common divisor of 45 and u?
5
Let a be 4/6*6/2. Suppose 3*v = 5*j + 194, -a*j - 65 = -v - 0*j. Calculate the greatest common divisor of v and 7.
7
Let x(u) = -2*u**3 - 4*u**2 - 2*u - 2. Let k be x(-4). What is the highest common divisor of 14 and k?
14
Let h(a) = -a**3 + 8*a**2 + 9*a + 10. Let v be h(9). Let q(m) = -17*m - 12. Let n be q(-6). What is the greatest common factor of n and v?
10
Let x(l) = -l**3 + 8*l**2 + 9*l + 5. Let k be x(9). Suppose -2*v = -4*g + 10, -g + k*v - 27 = -4*g. Calculate the highest common divisor of g and 4.
4
Let j be 6/4 - 999/(-6). Let a = 256 - j. Calculate the greatest common factor of a and 11.
11
Let j be (-3 + 6)/((-3)/(-70)). Let x = 4 - -24. Calculate the greatest common divisor of x and j.
14
Let g be 2/1 - 36/(-4). Suppose -2*i + 3*i = g. Let s = 15 - i. What is the highest common divisor of 6 and s?
2
Suppose 0 = -x - 3 + 11. Suppose 2*o + 2 - 6 = 0. Calculate the highest common factor of x and o.
2
Let h be -45*((-2)/(-3))/(-1)*3. What is the highest common factor of h and 36?
18
Suppose 0 = v + 2*v - 21. Let b = 5 + v. Calculate the highest common factor of b and 48.
12
Suppose -31 = -3*y - 1. Let q be ((-12)/(-15))/((-4)/(-10)). Calculate the highest common factor of y and q.
2
Let c(t) = t**3 + 21*t**2 + 54*t + 22. Let w be c(-18). Let r be (5/3)/((-2)/(-66)). Calculate the highest common divisor of r and w.
11
Suppose s = -0*s - 4*v + 76, -s = 3*v - 75. What is the highest common divisor of s and 9?
9
Suppose 5*a + g + g - 53 = 0, g = -4*a + 40. Suppose -10*t + 3*t = -7. Calculate the highest common divisor of a and t.
1
Suppose 3*u + 2*d = 33, -2*d - d - 44 = -4*u. Suppose -2*q - 5*k = -20, 0 = -4*q - 3*k + 12. Let j = 1 - q. Calculate the greatest common divisor of u and j.
1
Let d be ((-2)/4)/((-1)/60). Suppose -c + 15 = 3*x, -3*x + 4*c = -0*c - d. Let t be ((-4)/3)/(x/(-9)). Calculate the highest common divisor of 5 and t.
1
Let g be 28/(-8)*(-4)/(-7 + 8). Let o(c) = 3*c**3 - 4*c**2 - 3*c - 1. Let i be o(-2). Let z = 63 + i. Calculate the highest common factor of z and g.
14
Suppose -50 = 3*d - 8*d. Suppose 0 = -m + 9 - 0. Let u be 2 + 132/m*6. What is the highest common factor of d and u?
10
Suppose 5*o - 165 = -3*a, 4*a - 11 = 5*o - 141. What is the highest common factor of o and 12?
6
Let n(s) = -154*s**3 + s**2 + 2*s + 1. Let j(i) = i**3 + 2*i**2 - 1. Let l be j(-2). Let v be n(l). What is the highest common divisor of v and 14?
14
Let g(z) = z**2 + 3*z. Let d = -4 - -1. Let v be g(d). Let p = 7 - v. Calculate the greatest common divisor of p and 77.
7
Let b(r) = r**2 + 1. Let i(n) = -16*n**2 + 2*n - 16. Let d(u) = 12*b(u) + i(u). Let k be d(4). Let s = k + 123. What is the highest common factor of s and 7?
7
Let o = -9 + 3. Let u = 4 - o. Calculate the greatest common factor of u and 15.
5
Let s be (12/21)/((-2)/(-7)). Suppose -4*c + n = -33, 0 = 5*c - n + s*n - 48. Calculate the greatest common divisor of 72 and c.
9
Suppose p + 5*p = 210. Let n = -24 - -38. Calculate the greatest common divisor of n and p.
7
Let j(q) = -q + 7. Let u be j(7). Suppose 3*n + n = u. Suppose 21 = i + d - 4*d, n = -d - 5. What is the highest common factor of 2 and i?
2
Suppose -4*x + 4 = -68. Let c be 2/3 - (-384)/x. Calculate the greatest common factor of c and 11.
11
Suppose 0 = -0*r - 4*r + 52. Let g = r - 10. Suppose -3*u + 17 = 2*n + g*n, 0 = u - 3*n - 15. What is the greatest common divisor of 27 and u?
9
Suppose 0 = 2*i + u - 252, 2*i + 4*u + 65 - 323 = 0. Calculate the greatest common divisor of 25 and i.
25
Suppose 4*n - 5*n - 2*a = -3, 2*n - 38 = 4*a. Suppose 0*y - y = -11. What is the greatest common factor of y and n?
11
Let r be (0 + 6)*6/4. Suppose 5*j = r*j - 8. Suppose -25 + 3 = -j*l. Calculate the highest common factor of l and 33.
11
Suppose 2*m + 460 = 6*m. What is the highest common divisor of 23 and m?
23
Let z(a) = a**3 - 6*a**2 + a - 3. Let q be z(6). Suppose 2*u - 5*g + 21 = q*u, 0 = 3*u - 4*g - 44. Calculate the highest common divisor of u and 32.
16
Let g(s) = -s**3 - 4*s**2 + 5*s + 3. Let x be g(-5). Suppose 2 = 5*f - 4*f. Calculate the greatest common divisor of x and f.
1
Let y = -5 + 3. Let l be y - (0 + -7*1). Suppose 2*q + 44 = 5*q + l*g, -2*q = g - 20. What is the highest common factor of q and 64?
8
Let w = -88 + 112. What is the greatest common divisor of w and 6?
6
Let o = 16 + -13. Calculate the highest common divisor of o and 24.
3
Suppose b = -3*b + 8. Calculate 